e number?
False
Let q(t) be the second derivative of t**4/2 + 5*t**3/2 - 5*t**2 - 6*t. Is q(-11) a composite number?
True
Let w = -2198 + 4975. Is w composite?
False
Suppose 9*d - 54 = 3*d. Let k(o) = -o**3 + 10*o**2 - 5*o + 17. Is k(d) composite?
False
Suppose 8*b - 32544 - 26552 = 0. Is b a prime number?
False
Suppose 236 = a - 4653. Is a a composite number?
False
Let j = 81096 + -44777. Is j prime?
True
Let i = 4 + -1. Let c(g) = 5 + g**i + 6*g**2 - 6*g**2 - 2*g. Is c(6) a composite number?
True
Let j(d) = -37*d**3 - 5*d**2 - 7*d + 11. Let r(f) = 56*f**3 + 7*f**2 + 10*f - 16. Let n(q) = 7*j(q) + 5*r(q). Is n(2) prime?
True
Let j(d) = -d**3 + 5*d**2 - d - 1. Suppose 2*s + 2*u + 0*u = 16, 19 = 2*s + 3*u. Let k be j(s). Is ((-2426)/3)/(4/k) a composite number?
False
Let f be (-10)/(-40) + 55/4. Suppose 9*d - f*d + 740 = 0. Suppose 5*l = l + d. Is l prime?
True
Suppose 0 = -55*x + 66*x - 209011. Is x a composite number?
False
Let i be 1873/(-21)*-3 - 9/(-21). Let k(q) = 3*q**3 - q**2 + 2*q + 1. Let n be k(-2). Let a = i - n. Is a a composite number?
True
Suppose -5*a + 5*v = -1335, -a - 14*v + 287 = -10*v. Is a a composite number?
False
Let o(s) = -17*s**3 + 3*s**2 - 2*s + 5. Let b(v) = 17*v**3 - 3*v**2 + v - 5. Let x(q) = -6*b(q) - 5*o(q). Is x(-3) prime?
True
Let d be -3 - (0 + 9*56). Let c = d - -277. Let y = c + 351. Is y a composite number?
True
Suppose -16*s = 84*s - 558300. Is s a prime number?
False
Let l(v) = 2*v**2 + 8*v + 3. Suppose 0*j - 2*j = -3*h + 27, -2*j = h + 23. Let g = 4 + j. Is l(g) a composite number?
False
Is (-111)/555 + (2431/5 - -1) composite?
False
Let m be 0 + (4/8)/((-1)/16). Is -1042*(28/m - -2) a prime number?
False
Let p = 14162 + -1705. Is p prime?
True
Suppose 5*m - 1 = -3*g + 4*m, 0 = 4*g - 3*m + 3. Let x = 34 + g. Is x a composite number?
True
Suppose -1063 = -20*n + 3397. Is n a prime number?
True
Suppose -x + 4*y + 12 = -2*x, 4*y = -16. Suppose 1922 = x*k - 698. Is k composite?
True
Let j(s) = 9*s**2 - 4*s - 7. Let y be 4*1/16 - 98/8. Is j(y) a prime number?
False
Suppose 7 - 1 = -g - 4*z, -5*g + 62 = -3*z. Let y = -8 + g. Suppose y*u - 436 = -5*p - u, -3*p + 279 = -4*u. Is p a composite number?
False
Let h(y) = 3*y + 614. Let a be h(0). Suppose -a + 163 = -v. Is v composite?
True
Let v = 18957 + -12012. Suppose -4*b - b + 106 = k, 0 = -4*k + 4. Is 4/14 + v/b prime?
True
Let t be 6/(-8) + 183/4. Let d be (-3 + 0)*t/(-27). Suppose -d*j + 239 + 146 = 0. Is j a prime number?
False
Let s = -1926 + 3008. Is s composite?
True
Let k = 40 + 19. Is k composite?
False
Suppose 6*y - 342 = -0*y. Is 1/(3/1)*y composite?
False
Let z = -30 - -32. Is -7 - (-10)/z - 1*-955 a composite number?
False
Let n = -7 + 12. Suppose n*b + 63 = -y, 0 = 2*b - 4*b - 6. Let z = 137 + y. Is z a prime number?
True
Let n be 322/4 + (-3)/6. Let l = -43 - 0. Let y = l + n. Is y a composite number?
False
Let q(x) = 2*x**3 - 4*x**2 + x + 2. Let d be q(2). Suppose 4*r = d*v - 2*v - 26, 3*r = 4*v - 22. Is (-532)/r - (-9)/27 prime?
True
Let y be -8*(-23426)/14 + 48/(-168). Let p = -7033 + y. Is p composite?
False
Let g = 3 + 1. Suppose 0 = o - g + 13. Is -94*(o/2 + 2) a composite number?
True
Suppose 2*i + 41 = -67. Let r = i - -32. Let n = 57 + r. Is n composite?
True
Let y = 6211 - 2922. Suppose 5*c = -5, 6*t - 2*t - y = 5*c. Is t composite?
False
Let q(o) = -o**3 + 14*o**2 - 17*o - 10. Let h be q(21). Let n = -2201 - h. Is n prime?
False
Let s = -6 - 108. Let p be (-4)/18 + s/(-27). Suppose m + p*m = 955. Is m a prime number?
True
Suppose -16671 = -3*a + 1350. Is a prime?
True
Let a(m) = 2*m**3 - 14*m**2 + 22*m + 10. Is a(8) composite?
True
Let s(y) = y**2 + 20*y - 7. Let m be s(-10). Let d be (0 - 3) + 5 + m. Let t = 248 + d. Is t a prime number?
False
Let t = 7 - 4. Let p(m) = -m**2 - 22*m + 25. Let f be p(-20). Suppose -t*d + f = -2*d. Is d composite?
True
Suppose -10*d = -2*d - 16456. Suppose 2*g = d + 3413. Is g composite?
True
Suppose -q = -13*q - 12. Let o(p) = 168*p**2 + 4*p + 3. Is o(q) a composite number?
False
Let n(g) be the second derivative of -g**4/12 - 4*g**3/3 + 11*g**2/2 - 2*g. Let r be (-20)/(-10) - (9 - -1). Is n(r) prime?
True
Let z(i) = i**3 - 3*i**2 - 2*i - 2. Let t be z(4). Let h be -3*((-40)/t)/(-5). Is (-57)/h + 8/(-32) a prime number?
False
Suppose -5*s = -5*j - 11965, 3*s - 5*j - 7187 = -0*j. Is s prime?
True
Suppose -2*s + 6509 = 5*d + s, 0 = -4*d - s + 5210. Suppose d = 3*w - 3197. Suppose -92 - 217 = -z - 2*j, 5*z - 5*j = w. Is z a composite number?
True
Let h be (-6)/10 + (-6)/(-10). Suppose h = 4*x - 16 + 60. Let c(s) = -19*s + 14. Is c(x) composite?
False
Let n(g) = g + 9. Let c be n(8). Let i = c + -15. Suppose t - i*t = -211. Is t prime?
True
Let i be (-4)/48*-4*195. Suppose 2*u + 25 = 2*o - 13, -u = -3*o + i. Is o prime?
True
Let f(d) = -d + 6. Let z be f(4). Let b = z + 2. Suppose -7 = -b*w + 3*w. Is w composite?
False
Let c = -11 - -15. Let u be 21/6 - 2/c. Suppose -u*d = -0*d - 1041. Is d a prime number?
True
Suppose -1198 = -3*q - 289. Is q a prime number?
False
Suppose -3*r + 3*x = -33, x - 2 = -r + 5*x. Let b be r/3 - 4/6. Suppose -295 = -m - 4*q, m - 2*q - 1475 = -b*m. Is m prime?
False
Suppose 12 = -8*j + 11*j. Let d = 217 + -116. Is 1/(-4) + d/j a prime number?
False
Let h = 11 - 8. Suppose -5*b + 147 - 31 = m, -h*m - b = -362. Is m composite?
True
Let r(h) = 148*h - 6. Suppose u - 5*u + 21 = -5*v, -16 = 4*v - 4*u. Let c be r(v). Let z = c - -1377. Is z composite?
False
Suppose -l = 5*j - 98, 7*j - l = 2*j + 92. Let b = j + 7. Is b a composite number?
True
Let t = 44137 - 23838. Is t a prime number?
False
Let r = -47 - -44. Is (-1 - r)/(((-24)/(-39))/4) prime?
True
Suppose -2*f = 4*w - 3154, 2*f + f = -2*w + 1571. Let t = -233 + w. Is t composite?
False
Let f(t) = 80*t**3 - 4*t**2 + t - 4. Let p(h) = h - 1. Let x(m) = -f(m) + 5*p(m). Is x(-2) prime?
True
Suppose 2*g + 58792 = 10*g. Is g a composite number?
False
Let t be 0/(9/((-9)/2)). Suppose a - 413 = 2*v + 4*a, 3*v - a + 625 = t. Let q = v + 319. Is q a prime number?
False
Suppose 21301 = 10*j - 15769. Is j prime?
False
Let a(x) = x**2 - 8*x + 2. Let v = -13 + 21. Let n be a(v). Suppose 0 = -4*m + o + 230, n*m - o + 55 = 3*m. Is m composite?
True
Let j(s) = -s**2 + 33*s + 2. Let a(o) = -8*o. Let p be a(-2). Is j(p) composite?
True
Let j = 10106 + -4437. Is j a prime number?
True
Let c(j) = 3*j**2 + 23*j - 42. Let d be c(14). Suppose -3304 - d = -4*x. Is x composite?
True
Let h(u) = u**3 + 11*u**2 - 5*u - 5. Suppose g - 13 = -22. Is h(g) a prime number?
False
Let k(p) = 484*p - 123. Is k(7) composite?
True
Suppose y = -4 - 0. Let c be 1*764/(y/(-1)). Let g = c + -34. Is g a prime number?
True
Let x be (-615)/(-2)*(-6)/(-5)*2. Suppose 0 = c - 5*y - x, -3*c - 2*y - 2227 = -6*c. Is c a composite number?
False
Suppose 3*v = -2*z + 14249, 0*v = -3*v + 4*z + 14225. Let r = v - 2694. Is r composite?
False
Let o = 4581 + -7724. Let t = -1026 - o. Is t a prime number?
False
Let v(u) be the third derivative of 3/2*u**3 + 0 + 5*u**2 + 0*u + 1/4*u**4. Is v(7) a prime number?
False
Let r(f) = f**2 - f - 229. Let a be r(0). Let h = a - -860. Is h composite?
False
Suppose -c - 102 = -3*c. Let x = c - -12. Let g = x - 37. Is g a prime number?
False
Let t(c) = 23*c + 6. Let i = 15 + -9. Let h(k) = -323*k - 85. Let z(d) = i*h(d) + 85*t(d). Is z(5) a prime number?
False
Let x = -33 - -37. Suppose x*l + 0*l = 148. Is l a composite number?
False
Let l = -2569 + 6212. Is l a prime number?
True
Suppose -8*p + 267 = -11*p. Let q = p - -436. Is q prime?
True
Is (29420/30)/((-8)/(-12)) prime?
True
Suppose -4*m - 8 = -3*u, u + 2*u = 5*m + 7. Suppose 3*g - 17 = -u*c, -4*c + 2 = -2*g - 0*c. Suppose 2*r = g*z - 481, -4*z + 0*z = 5*r - 672. Is z composite?
False
Let d = 188 + 8763. Is d a prime number?
True
Let k(g) = -5*g**3 + 2*g - 1. Let r be k(-2). Suppose 36*t = r*t + 1459. Is t composite?
False
Let w(v) = -95*v - 830 + 844 - 40*v - 56*v. Is w(-9) a prime number?
True
Let c(r) = 6*r - 13. Let w(u) = 7*u + 3. Let t be w(3). Suppose 0 = 8*f - 10*f + t. Is c(f) composite?
False
Let f(k) = k**2 + 15*k + 5. Let a be f(-10). Let d(q) = -71*q. Let y be d(-2). Let i = a + y. Is i a prime number?
True
Let c(p) = -p**3 + 11*p**2. Suppose y + 35 = 3*l + 2*y, 0 = -4*l - 4*y + 52